 digit of 14002?
1
What is the tens digit of 28408?
0
What is the tens digit of 62667?
6
What is the tens digit of 10981?
8
What is the thousands digit of 2875?
2
What is the thousands digit of 127706?
7
What is the thousands digit of 7960?
7
What is the tens digit of 186?
8
What is the ten thousands digit of 50029?
5
What is the hundreds digit of 68184?
1
What is the units digit of 781?
1
What is the thousands digit of 1506?
1
What is the units digit of 278?
8
What is the hundreds digit of 2698?
6
What is the tens digit of 882?
8
What is the hundreds digit of 12378?
3
What is the tens digit of 17563?
6
What is the units digit of 881?
1
What is the tens digit of 792?
9
What is the units digit of 46616?
6
What is the thousands digit of 1525?
1
What is the units digit of 415?
5
What is the units digit of 367?
7
What is the ten thousands digit of 15802?
1
What is the units digit of 462?
2
What is the thousands digit of 8103?
8
What is the thousands digit of 1983?
1
What is the units digit of 3230?
0
What is the ten thousands digit of 106962?
0
What is the hundreds digit of 1326?
3
What is the tens digit of 56852?
5
What is the hundreds digit of 10315?
3
What is the hundreds digit of 2078?
0
What is the units digit of 1026?
6
What is the hundreds digit of 423?
4
What is the hundreds digit of 22667?
6
What is the thousands digit of 133257?
3
What is the thousands digit of 53544?
3
What is the units digit of 3345?
5
What is the thousands digit of 130924?
0
What is the tens digit of 114972?
7
What is the tens digit of 11401?
0
What is the units digit of 12603?
3
What is the hundreds digit of 2463?
4
What is the thousands digit of 9607?
9
What is the tens digit of 60576?
7
What is the tens digit of 35508?
0
What is the thousands digit of 6840?
6
What is the thousands digit of 38000?
8
What is the hundreds digit of 7666?
6
What is the thousands digit of 5343?
5
What is the units digit of 2259?
9
What is the thousands digit of 3504?
3
What is the thousands digit of 127479?
7
What is the units digit of 15681?
1
What is the tens digit of 3543?
4
What is the units digit of 591?
1
What is the hundreds digit of 44445?
4
What is the thousands digit of 4796?
4
What is the tens digit of 30225?
2
What is the tens digit of 64773?
7
What is the thousands digit of 8924?
8
What is the tens digit of 65480?
8
What is the ten thousands digit of 54837?
5
What is the tens digit of 2175?
7
What is the hundreds digit of 3673?
6
What is the tens digit of 572?
7
What is the tens digit of 713?
1
What is the units digit of 96250?
0
What is the units digit of 605?
5
What is the hundreds digit of 993?
9
What is the units digit of 517?
7
What is the thousands digit of 45858?
5
What is the ten thousands digit of 13800?
1
What is the thousands digit of 1652?
1
What is the hundreds digit of 6271?
2
What is the tens digit of 4669?
6
What is the thousands digit of 15951?
5
What is the hundreds digit of 1411?
4
What is the hundreds digit of 2744?
7
What is the hundreds digit of 1523?
5
What is the tens digit of 4007?
0
What is the hundreds digit of 2494?
4
What is the tens digit of 346?
4
What is the thousands digit of 6026?
6
What is the hundreds digit of 22307?
3
What is the hundreds digit of 82978?
9
What is the units digit of 1586?
6
What is the units digit of 60724?
4
What is the hundreds digit of 716?
7
What is the thousands digit of 4273?
4
What is the units digit of 5604?
4
What is the hundreds digit of 694?
6
What is the tens digit of 2416?
1
What is the units digit of 373?
3
What is the tens digit of 80961?
6
What is the tens digit of 665?
6
What is the thousands digit of 1211?
1
What is the units digit of 25013?
3
What is the tens digit of 130064?
6
What is the thousands digit of 7699?
7
What is the tens digit of 2736?
3
What is the units digit of 1269?
9
What is the hundreds digit of 4833?
8
What is the tens digit of 4832?
3
What is the hundreds digit of 34822?
8
What is the units digit of 2387?
7
What is the units digit of 7159?
9
What is the tens digit of 25512?
1
What is the units digit of 57345?
5
What is the hundreds digit of 830?
8
What is the hundred thousands digit of 153536?
1
What is the ten thousands digit of 22821?
2
What is the units digit of 19685?
5
What is the units digit of 60878?
8
What is the units digit of 47225?
5
What is the tens digit of 7349?
4
What is the units digit of 24272?
2
What is the hundreds digit of 2661?
6
What is the units digit of 21384?
4
What is the units digit of 860?
0
What is the tens digit of 79727?
2
What is the units digit of 490?
0
What is the ten thousands digit of 10398?
1
What is the units digit of 111?
1
What is the hundreds digit of 1390?
3
What is the thousands digit of 2063?
2
What is the thousands digit of 7042?
7
What is the tens digit of 298?
9
What is the thousands digit of 2721?
2
What is the hundreds digit of 9556?
5
What is the hundreds digit of 2750?
7
What is the hundreds digit of 712?
7
What is the units digit of 575?
5
What is the tens digit of 10289?
8
What is the units digit of 17731?
1
What is the units digit of 1534?
4
What is the tens digit of 68375?
7
What is the hundreds digit of 4537?
5
What is the tens digit of 950?
5
What is the units digit of 6337?
7
What is the hundreds digit of 1715?
7
What is the hundreds digit of 898?
8
What is the units digit of 773?
3
What is the units digit of 6958?
8
What is the tens digit of 1287?
8
What is the tens digit of 79331?
3
What is the units digit of 1745?
5
What is the tens digit of 22050?
5
What is the units digit of 406?
6
What is the thousands digit of 3133?
3
What is the hundred thousands digit of 130983?
1
What is the hundreds digit of 11234?
2
What is the hundreds digit of 13194?
1
What is the tens digit of 3287?
8
What is the thousands digit of 17353?
7
What is the units digit of 6697?
7
What is the thousands digit of 4843?
4
What is the tens digit of 40?
4
What is the hundreds digit of 250?
2
What is the tens digit of 224?
2
What is the thousands digit of 23322?
3
What is the ten thousands digit of 150510?
5
What is the units digit of 2425?
5
What is the thousands digit of 2402?
2
What is the units digit of 537?
7
What is the tens digit of 346?
4
What is the thousands digit of 79365?
9
What is the units digit of 52501?
1
What is the tens digit of 16552?
5
What is the tens digit of 6604?
0
What is the units digit of 596?
6
What is the units digit of 34032?
2
What is the tens digit of 1625?
2
What is the hundreds digit of 1600?
6
What is the tens digit of 40526?
2
What is the units digit of 5418?
8
What is the tens digit of 74?
7
What is the hundreds digit of 629?
6
What is the hundreds digit of 5675?
6
What is the units digit of 9940?
0
What is the units digit of 58853?
3
What is the tens digit of 25328?
2
What is the units digit of 964?
4
What is the hundreds digit of 5121?
1
What is the tens digit of 18820?
2
What is the ten thousands digit of 25239?
2
What is the units digit of 12806?
6
What is the units digit of 94?
4
What is the units digit of 8960?
0
What is the hundreds digit of 946?
9
What is the hundreds digit of 30304?
3
What is the thousands digit of 2211?
2
What is the hundreds digit of 3351?
3
What is the hundreds digit of 230?
2
What is the ten thousands digit of 34406?
3
What is the thousands digit of 4458?
4
What is the thousands digit of 5553?
5
What is the thousands digit of 52880?
2
What is the hundreds digit of 965?
9
What is the hundreds digit of 929?
9
What is the units digit of 789?
9
What is the hundreds digit of 1467?
4
What is the ten thousands digit of 49349?
4
What is the units digit of 2837?
7
What is the tens digit of 2351?
5
What is the tens digit of 1641?
4
What is the units digit of 60?
0
What is the thousands digit of 2847?
2
What is the units digit of 1041?
1
What is the units digit of 11332?
2
What is the ten thousands digit of 17256?
1
What is the thousands digit of 6853?
6
What is the units digit of 7076?
6
What is the units digit of 854?
4
What is the units digit of 83?
3
What is the ten thousands digit of 15984?
1
What is the thousands digit of 73064?
3
What is the units digit of 898?
8
What is the hundreds digit of 94109?
1
What is the tens digit of 169?
6
What is the thousands digit of 4265?
4
What is the units